
-1318
What is 301122 (base 4) in base 13?
1593
What is -218 (base 16) in base 12?
-388
Convert 231022 (base 4) to base 6.
21214
-895 (base 16) to base 3
-10000101
What is -205145 (base 7) in base 8?
-105123
Convert -388 (base 9) to base 4.
-11003
3616 (base 7) to base 4
110320
Convert 4167 (base 14) to base 4.
2233333
70 (base 9) to base 16
3f
What is -b68 (base 16) in base 8?
-5550
What is -2460 (base 8) in base 6?
-10052
-302311 (base 4) to base 9
-4414
What is -10331121 (base 4) in base 10?
-20313
Convert -c990 (base 13) to base 15.
-846c
Convert 165b (base 13) to base 8.
6327
Convert 3213 (base 4) to base 5.
1411
Convert 525 (base 9) to base 10.
428
Convert -71b (base 15) to base 13.
-962
Convert 414642 (base 7) to base 2.
10001011010011101
Convert -211013 (base 4) to base 13.
-1109
Convert 100232 (base 4) to base 16.
42e
What is -351 (base 14) in base 8?
-1223
Convert -3fcd (base 16) to base 6.
-203341
254 (base 9) to base 5
1321
7957 (base 13) to base 8
41114
-138 (base 11) to base 3
-20000
What is 11444 (base 5) in base 3?
1012101
-10111110101 (base 2) to base 4
-113311
7363 (base 10) to base 7
30316
What is 4333 (base 5) in base 15?
298
111100001010100 (base 2) to base 7
155544
What is 314231 (base 6) in base 5?
1304304
Convert -100102 (base 3) to base 16.
-fe
What is -230033 (base 4) in base 7?
-11153
211112 (base 3) to base 13
37a
What is -22d (base 16) in base 15?
-272
What is 3bc (base 13) in base 16?
296
What is -2021 (base 9) in base 15?
-687
-16eb (base 15) to base 3
-20210012
13316 (base 7) to base 6
24342
110100010101111 (base 2) to base 9
40676
What is -283 (base 13) in base 12?
-311
Convert 8158 (base 9) to base 16.
174e
-234431 (base 5) to base 4
-2020211
Convert -8a65 (base 15) to base 2.
-111001010100001
What is 12121010 (base 4) in base 5?
1314210
What is -26623 (base 7) in base 12?
-4197
-413 (base 11) to base 7
-1311
Convert b0ab (base 12) to base 16.
4ac3
-45540 (base 6) to base 3
-22212120
What is -2222242 (base 5) in base 8?
-114240
What is 202020 (base 3) in base 8?
1042
-6c9 (base 16) to base 9
-2340
-2092 (base 13) to base 7
-16105
What is 1235 (base 7) in base 2?
111010011
What is 2222001 (base 3) in base 6?
14001
What is 3011221 (base 4) in base 14?
4877
Convert -102022 (base 4) to base 10.
-1162
3219 (base 15) to base 5
314344
3990 (base 10) to base 7
14430
What is 1637 (base 14) in base 4?
332001
1203 (base 5) to base 3
20121
Convert 1211120222 (base 3) to base 4.
20310320
403 (base 9) to base 16
147
Convert 21400 (base 5) to base 3.
2000122
Convert 282 (base 12) to base 10.
386
What is 1004014 (base 5) in base 13?
7461
1000100010 (base 2) to base 15
266
-123402 (base 6) to base 7
-44354
What is 7c5 (base 15) in base 13?
a55
What is 10304 (base 5) in base 7?
2024
Convert 952 (base 10) to base 4.
32320
What is 5247 (base 9) in base 5?
110400
27234 (base 10) to base 9
41320
What is -1ab (base 14) in base 12?
-24b
-11b (base 13) to base 12
-141
Convert 1292a (base 13) to base 15.
a35c
What is -698 (base 14) in base 3?
-1210112
5285 (base 11) to base 14
2794
-1110 (base 8) to base 5
-4314
Convert 3084 (base 11) to base 10.
4085
What is -9470 (base 10) in base 5?
-300340
Convert 127 (base 14) to base 10.
231
9523 (base 15) to base 6
401553
What is -4a85 (base 11) in base 16?
-19e3
Convert 381 (base 12) to base 3.
201121
Convert 12120 (base 6) to base 15.
7d6
What is -7751 (base 9) in base 11?
-4327
1188 (base 16) to base 10
4488
What is c59 (base 13) in base 15?
952
21876 (base 12) to base 13
172c8
What is -635 (base 8) in base 5?
-3123
What is -112200 (base 3) in base 7?
-1104
2002232 (base 5) to base 3
1121022011
What is 1405 (base 11) in base 10?
1820
What is 1533 (base 6) in base 8?
641
Convert 122140 (base 5) to base 16.
123e
What is 111111110 (base 2) in base 12?
366
Convert 10001001100111 (base 2) to base 15.
2922
-2bc1 (base 14) to base 9
-11641
3345 (base 6) to base 7
2201
What is 22e (base 16) in base 4?
20232
What is -111 (base 16) in base 4?
-10101
110110111111 (base 2) to base 12
2053
What is 25406 (base 7) in base 8?
15077
What is -344 (base 9) in base 3?
-101111
-4a (base 13) to base 2
-111110
Convert -ebc (base 16) to base 9.
-5151
What is -654 (base 16) in base 11?
-1243
-168 (base 14) to base 13
-192
Convert 31942 (base 11) to base 7.
252150
What is 210120 (base 5) in base 12?
3bba
-2849 (base 11) to base 7
-13511
Convert 5044 (base 6) to base 8.
2124
What is 71c (base 16) in base 11?
1405
Convert 23311 (base 5) to base 14.
89c
Convert -451200 (base 6) to base 12.
-19b00
-150534 (base 6) to base 2
-11100001111010
10000 (base 3) to base 6
213
Convert -14714 (base 9) to base 6.
-114321
What is -885 (base 14) in base 13?
-9c8
What is -302 (base 4) in base 3?
-1212
What is 1518 (base 12) in base 6?
15232
Convert 400 (base 12) to base 9.
710
-12c4 (base 15) to base 8
-7651
-226 (base 16) to base 7
-1414
What is 3122 (base 4) in base 12?
162
-124334 (base 6) to base 13
-5230
22721 (base 10) to base 15
6aeb
Convert -11000010000001 (base 2) to base 10.
-12417
Convert 13059 (base 10) to base 14.
4a8b
Convert -3031131 (base 4) to base 15.
-3d69
What is 43243 (base 5) in base 2?
101110000100
What is 211130 (base 4) in base 7?
6662
-206 (base 9) to base 4
-2220
What is 12212 (base 3) in base 16?
9e
134040 (base 6) to base 4
3010020
Convert 3892 (base 11) to base 16.
13c6
1c35 (base 13) to base 15
13e9
-2806 (base 14) to base 5
-211222
-b36 (base 15) to base 8
-4736
What is -1012102220 (base 3) in base 5?
-1224044
What is -942 (base 12) in base 11?
-1014
What is 3260 (base 12) in base 2?
1010110101000
-222430 (base 5) to base 16
-1eb9
Convert -541a (base 11) to base 7.
-26606
8534 (base 13) to base 4
10200200
1100002 (base 3) to base 5
12344
Convert 426 (base 8) to base 11.
233
Convert -19536 (base 11) to base 15.
-8129
What is 1437 (base 8) in base 11?
667
Convert 2040 (base 5) to base 4.
10032
Convert -1153 (base 7) to base 13.
-271
-1000110111 (base 2) to base 16
-237
What is 461 (base 7) in base 15?
10e
Convert -20002100 (base 3) to base 8.
-10525
What is 52 (base 14) in base 5?
242
What is 9a32 (base 11) in base 14?
4b68
Convert -436 (base 11) to base 4.
-20023
-11231203 (base 4) to base 8
-55543
What is 1010111000 (base 2) in base 3?
221210
-613f (base 16) to base 12
-124a7
What is -1002 (base 8) in base 15?
-244
Convert -34775 (base 8) to base 15.
-45ea
Convert -507 (base 11) to base 14.
-31a
What is -5cef (base 16) in base 4?
-11303233
Convert -190a (base 11) to base 8.
-4576
What is -1200434 (base 5) in base 14?
-8030
Convert -13055 (base 11) to base 6.
-222314
Convert -88432 (base 9) to base 10.
-58673
Convert 202120 (base 3) to base 10.
555
1541 (base 6) to base 10
421
What is 211223 (base 4) in base 2?
100101101011
3ddc (base 16) to base 11
10997
112021 (base 3) to base 15
1aa
What is -16ea (base 15) in base 14?
-1b33
-d95 (base 15) to base 10
-3065
Convert 510 (base 7) to base 13.
165
Convert bc2 (base 16) to base 5.
44020
-11b9 (base 12) to base 16
-7dd
104517 (base 8) to base 10
35151
What is 37337 (base 8) in base 11?
11102
Convert 3120 (base 4) to base 6.
1000
Convert -2a8 (base 13) to base 8.
-734
What is 10111110000011 (base 2) in base 12?
7057
-101010111 (base 2) to base 16
-157
240 (base 5) to base 7
130
-7c (base 13) to base 11
-94
Convert -110010000 (base 3) to base 12.
-5139
What is 100140 (base 5) in base 3?
11100102
16301 (base 8) to base 3
101002122
Convert 15200 (base 7) to base 3.
12210002
What is 18 (base 11) in base 13?
16
10051 (base 6) to base 13
7b1
Convert -574 (base 8) to base 14.
-1d2
Convert 677 (base 11) to base 5.
11220
What is 2400 (base 12) in base 8?
7700
What is 2236 (base 12) in base 10?
3786
-628 (base 9) to base 4
-20000
-25455 (base 6) to base 13
-19a3
-101011100000100 (base 2) to base 5
-1203101
Convert -1003 (base 12) to base 14.
-8b9
Convert -164 (base 13) to base 12.
-18b
Convert -1796 (base 13) to base 12.
-203b
Convert -1 (base 8) to base 14.
-1
1020001200 (base 3) to base 16
5e26
Convert 301 (base 16) to base 2.
1100000001
What is -2330 (base 6) in base 7?
-1425
What is 1986 (base 13) in base 10?
3828
Convert 1012100 (base 3) to base 16.
369
What is 23010 (base 4) in base 7?
2031
What is -361a (base 11) in base 7?
-16551
24242 (base 9) to base 6
203